{"id":14,"date":"2019-09-30T14:01:07","date_gmt":"2019-09-30T12:01:07","guid":{"rendered":"http:\/\/www.lespepauvergnerhonealpes.org\/duplicate\/donnees-personnelles\/"},"modified":"2019-10-09T13:49:27","modified_gmt":"2019-10-09T11:49:27","slug":"donnees-personnelles","status":"publish","type":"page","link":"https:\/\/www.lespepauvergnerhonealpes.org\/duplicate\/donnees-personnelles\/","title":{"rendered":"Donn\u00e9es personnelles"},"content":{"rendered":"<h2>Ce site utilise des Cookies<\/h2>\r\n\t\t\t\t\t\t<p>Les cookies permettent au site de fonctionner. Les cookies sont de petits fichiers texte qui servent \u00e0 faciliter votre navigation. Ils sont utilis\u00e9s par des logiciels ou sites tiers pour offrir davantage de services, la mesure d'audience et la personnalisation de contenus (ex : partage de contenus sur les r\u00e9seaux sociaux, lecture directe de vid\u00e9os, statistiques Google Analytics\u2026). Nos partenaires de m\u00e9dias sociaux ou d\u2019analyse de trafic peuvent adjoindre ces donn\u00e9es \u00e0 celles que vous avez fournies par ailleurs.<\/p>\r\n\t\t\t\t\t\t<p>Votre consentement est demand\u00e9 lors de la premi\u00e8re consultation du site. En poursuivant votre navigation, vous acceptez de plein droit l\u2019usage des cookies que vous pouvez \u00e0 tout moment r\u00e9futer en utilisant le bouton ci-dessous.\u00a0Seuls, les cookies n\u00e9cessaires cit\u00e9s ci-dessous ne peuvent pas \u00eatre retir\u00e9s. Ils permettent de stocker votre choix concernant l'usage des cookies sur ce site.<\/p>\r\n\t\t\t\t\t\t<p>Cette acceptation est consid\u00e9r\u00e9e comme acquise pour une dur\u00e9e de 12 mois sur ce site. Au-del\u00e0, ce consentement vous sera de nouveau propos\u00e9 apr\u00e8s effacement complet des cookies.<\/p><h2>Consentement<\/h2><p>Autoriser l'utilisation des cookies sur ce site :<div class=\"cookie_notice_options all_consents\"><button data-cookie-set=\"accept\" data-cookie-cats=\"required|statistics\" class=\"btn cn-set-cookie not-setted \"><svg\n\t x=\"0px\" y=\"0px\" width=\"20px\" height=\"20px\" viewBox=\"0 0 20 20\" enable-background=\"new 0 0 20 20\">\n<path d=\"M15.018,1.367c1.517,0.877,2.715,2.075,3.593,3.592c0.91,1.548,1.365,3.227,1.365,5.029c0,1.805-0.455,3.481-1.365,5.031\n\tc-0.878,1.517-2.076,2.713-3.593,3.592c-1.549,0.91-3.226,1.365-5.029,1.365c-1.806,0-3.482-0.455-5.03-1.365\n\tc-1.518-0.879-2.714-2.075-3.593-3.592C0.455,13.47,0,11.793,0,9.988c0-1.803,0.455-3.481,1.365-5.029\n\tC2.244,3.442,3.44,2.244,4.958,1.367C6.506,0.457,8.183,0,9.988,0C11.792,0,13.469,0.457,15.018,1.367z M14.012,16.887\n\tc1.198-0.718,2.156-1.677,2.875-2.873c0.718-1.246,1.077-2.589,1.077-4.025s-0.359-2.777-1.077-4.023\n\tC16.168,4.767,15.21,3.81,14.012,3.09c-1.245-0.717-2.586-1.078-4.023-1.078S7.209,2.373,5.963,3.09\n\tC4.766,3.81,3.808,4.767,3.09,5.965C2.371,7.211,2.012,8.552,2.012,9.988s0.359,2.779,1.078,4.025\n\tc0.718,1.196,1.676,2.155,2.873,2.873c1.246,0.719,2.588,1.078,4.025,1.078S12.767,17.605,14.012,16.887z M13.4,6.491\n\tc0.28,0,0.516,0.096,0.707,0.289c0.191,0.19,0.287,0.427,0.287,0.705c0,0.281-0.096,0.515-0.287,0.708l-4.982,5.005\n\tc-0.191,0.191-0.427,0.287-0.706,0.287c-0.28,0-0.515-0.096-0.707-0.287l-2.347-2.372c-0.16-0.11-0.275-0.263-0.348-0.454\n\tC4.946,10.182,4.93,9.988,4.97,9.797c0.04-0.19,0.132-0.358,0.275-0.503C5.389,9.15,5.561,9.059,5.76,9.02\n\tc0.199-0.041,0.393-0.021,0.575,0.059s0.331,0.2,0.443,0.36l1.653,1.628l4.263-4.286C12.887,6.587,13.121,6.491,13.4,6.491z\"\/>\n<\/svg>Tout accepter<\/button><button data-cookie-set=\"refuse\" data-cookie-cats=\"required|statistics\" class=\"btn cn-set-cookie not-setted \"><svg\n\t x=\"0px\" y=\"0px\" width=\"20px\" height=\"20px\" viewBox=\"0 0 20 20\" enable-background=\"new 0 0 20 20\">\n<path d=\"M19.677,7.461c0.431,1.692,0.431,3.386,0,5.078c-0.464,1.74-1.333,3.249-2.611,4.526c-1.277,1.278-2.786,2.147-4.526,2.611\n\tc-1.693,0.431-3.386,0.431-5.078,0c-1.74-0.464-3.249-1.333-4.527-2.611c-1.277-1.277-2.147-2.786-2.61-4.526\n\tc-0.431-1.692-0.431-3.386,0-5.078c0.463-1.74,1.333-3.249,2.61-4.528c1.278-1.276,2.787-2.146,4.527-2.609\n\tc1.692-0.431,3.385-0.431,5.078,0c1.74,0.464,3.249,1.333,4.526,2.609C18.344,4.212,19.213,5.721,19.677,7.461z M17.377,13.054\n\tc0.399-0.982,0.6-2,0.6-3.055c0-1.245-0.28-2.419-0.839-3.521c-0.56-1.102-1.325-2.033-2.3-2.791\n\tC13.864,2.93,12.762,2.43,11.533,2.19c-1.23-0.239-2.439-0.195-3.629,0.133C6.715,2.65,5.656,3.222,4.73,4.034\n\tC3.805,4.85,3.102,5.836,2.623,6.993c-0.479,1.158-0.676,2.351-0.588,3.581c0.088,1.229,0.439,2.38,1.055,3.45\n\tc0.614,1.07,1.444,1.951,2.491,2.645c1.046,0.696,2.179,1.119,3.401,1.271c1.222,0.151,2.419,0.031,3.593-0.36\n\tc1.173-0.391,2.199-1.033,3.077-1.929C16.403,14.901,16.979,14.036,17.377,13.054z M14.024,7.005c0,0.289-0.104,0.528-0.313,0.72\n\tl-2.299,2.274l2.299,2.276c0.208,0.191,0.313,0.431,0.313,0.718c0,0.288-0.101,0.532-0.3,0.73c-0.199,0.201-0.443,0.301-0.73,0.301\n\tc-0.288,0-0.527-0.105-0.719-0.313L10,11.412l-2.275,2.3c-0.191,0.207-0.432,0.313-0.719,0.313s-0.531-0.1-0.73-0.301\n\tc-0.2-0.198-0.3-0.442-0.3-0.73c0-0.287,0.104-0.526,0.313-0.718l2.299-2.276L6.288,7.725C6.096,7.533,6,7.294,6,7.005\n\tc0-0.286,0.096-0.526,0.288-0.717c0.19-0.193,0.431-0.289,0.718-0.289s0.527,0.096,0.719,0.289L10,8.586l2.275-2.298\n\tc0.191-0.209,0.431-0.313,0.719-0.313c0.287,0,0.527,0.104,0.718,0.313C13.92,6.479,14.024,6.719,14.024,7.005z\"\/>\n<\/svg>Tout refuser<\/button><\/div><\/p><h2>Liste des cookies utilis\u00e9s sur ce site :<\/h2><div class=\"cookie_wrap_accordeon\"><div class=\"cookie_bloc_accordeon\">\n                <div class=\"cookie_titre_accordeon\">N\u00e9cessaires (3)<svg\n\t x=\"0px\" y=\"0px\" width=\"17px\" height=\"10px\" viewBox=\"0 0 17 10\" enable-background=\"new 0 0 17 10\">\n<path d=\"M16.707,8.354c0,0.145-0.057,0.273-0.168,0.385l-0.836,0.837c-0.111,0.112-0.24,0.168-0.385,0.168\n\tc-0.146,0-0.273-0.056-0.385-0.168l-6.58-6.579l-6.58,6.579c-0.111,0.112-0.24,0.168-0.385,0.168S1.115,9.688,1.004,9.576\n\tL0.168,8.739C0.055,8.628,0,8.499,0,8.354c0-0.146,0.055-0.273,0.168-0.386l7.801-7.801C8.08,0.057,8.209,0,8.354,0\n\ts0.273,0.057,0.385,0.168l7.801,7.801C16.65,8.081,16.707,8.209,16.707,8.354z\"\/>\n<\/svg>\n<\/div><div class=\"cookie_texte_accordeon\"><div class=\"cookie_block\"><div class=\"provider\">Session PHP<\/div><div class=\"name\">PHPSESSID<\/div><div class=\"finality\">Stocke l'identifiant de la session PHP courante<\/div><\/div><div class=\"cookie_block\"><div class=\"provider\">Cookie de consentement<\/div><div class=\"name\">_rgpd_consent, _rgpd_consent_conf_y, _rgpd_consent_conf_n<\/div><div class=\"finality\">Stocke les autorisations d'utilisation des cookies pour le domaine actuel par l'utilisateur<\/div><\/div><div class=\"cookie_block\"><div class=\"provider\">Wordpress<\/div><div class=\"name\">wp-settings-1, wp-settings-time-1, wordpress_XXXX, wordpress_logged_in_XXXX, wordpress_test_cookie<\/div><div class=\"finality\">Stocke diff\u00e9rentes informations li\u00e9es \u00e0 la connexion des utilisateurs<\/div><\/div><\/div><\/div><div class=\"cookie_bloc_accordeon\">\n                <div class=\"cookie_titre_accordeon\">Statistiques (2)<svg\n\t x=\"0px\" y=\"0px\" width=\"17px\" height=\"10px\" viewBox=\"0 0 17 10\" enable-background=\"new 0 0 17 10\">\n<path d=\"M16.707,8.354c0,0.145-0.057,0.273-0.168,0.385l-0.836,0.837c-0.111,0.112-0.24,0.168-0.385,0.168\n\tc-0.146,0-0.273-0.056-0.385-0.168l-6.58-6.579l-6.58,6.579c-0.111,0.112-0.24,0.168-0.385,0.168S1.115,9.688,1.004,9.576\n\tL0.168,8.739C0.055,8.628,0,8.499,0,8.354c0-0.146,0.055-0.273,0.168-0.386l7.801-7.801C8.08,0.057,8.209,0,8.354,0\n\ts0.273,0.057,0.385,0.168l7.801,7.801C16.65,8.081,16.707,8.209,16.707,8.354z\"\/>\n<\/svg>\n<\/div><div class=\"cookie_texte_accordeon\"><div class=\"allow_use_cookies\">Autoriser l\u2019utilisation des cookies <b>Statistiques<\/b> sur ce site :<div class=\"cookie_notice_options single_consent\"><button data-cookie-set=\"accept\" data-cookie-cat=\"statistics\" class=\"btn cn-set-cookie not-setted \"><svg\n\t x=\"0px\" y=\"0px\" width=\"20px\" height=\"20px\" viewBox=\"0 0 20 20\" enable-background=\"new 0 0 20 20\">\n<path d=\"M15.018,1.367c1.517,0.877,2.715,2.075,3.593,3.592c0.91,1.548,1.365,3.227,1.365,5.029c0,1.805-0.455,3.481-1.365,5.031\n\tc-0.878,1.517-2.076,2.713-3.593,3.592c-1.549,0.91-3.226,1.365-5.029,1.365c-1.806,0-3.482-0.455-5.03-1.365\n\tc-1.518-0.879-2.714-2.075-3.593-3.592C0.455,13.47,0,11.793,0,9.988c0-1.803,0.455-3.481,1.365-5.029\n\tC2.244,3.442,3.44,2.244,4.958,1.367C6.506,0.457,8.183,0,9.988,0C11.792,0,13.469,0.457,15.018,1.367z M14.012,16.887\n\tc1.198-0.718,2.156-1.677,2.875-2.873c0.718-1.246,1.077-2.589,1.077-4.025s-0.359-2.777-1.077-4.023\n\tC16.168,4.767,15.21,3.81,14.012,3.09c-1.245-0.717-2.586-1.078-4.023-1.078S7.209,2.373,5.963,3.09\n\tC4.766,3.81,3.808,4.767,3.09,5.965C2.371,7.211,2.012,8.552,2.012,9.988s0.359,2.779,1.078,4.025\n\tc0.718,1.196,1.676,2.155,2.873,2.873c1.246,0.719,2.588,1.078,4.025,1.078S12.767,17.605,14.012,16.887z M13.4,6.491\n\tc0.28,0,0.516,0.096,0.707,0.289c0.191,0.19,0.287,0.427,0.287,0.705c0,0.281-0.096,0.515-0.287,0.708l-4.982,5.005\n\tc-0.191,0.191-0.427,0.287-0.706,0.287c-0.28,0-0.515-0.096-0.707-0.287l-2.347-2.372c-0.16-0.11-0.275-0.263-0.348-0.454\n\tC4.946,10.182,4.93,9.988,4.97,9.797c0.04-0.19,0.132-0.358,0.275-0.503C5.389,9.15,5.561,9.059,5.76,9.02\n\tc0.199-0.041,0.393-0.021,0.575,0.059s0.331,0.2,0.443,0.36l1.653,1.628l4.263-4.286C12.887,6.587,13.121,6.491,13.4,6.491z\"\/>\n<\/svg>Accepter<\/button><button data-cookie-set=\"refuse\" data-cookie-cat=\"statistics\" class=\"btn cn-set-cookie not-setted \"><svg\n\t x=\"0px\" y=\"0px\" width=\"20px\" height=\"20px\" viewBox=\"0 0 20 20\" enable-background=\"new 0 0 20 20\">\n<path d=\"M19.677,7.461c0.431,1.692,0.431,3.386,0,5.078c-0.464,1.74-1.333,3.249-2.611,4.526c-1.277,1.278-2.786,2.147-4.526,2.611\n\tc-1.693,0.431-3.386,0.431-5.078,0c-1.74-0.464-3.249-1.333-4.527-2.611c-1.277-1.277-2.147-2.786-2.61-4.526\n\tc-0.431-1.692-0.431-3.386,0-5.078c0.463-1.74,1.333-3.249,2.61-4.528c1.278-1.276,2.787-2.146,4.527-2.609\n\tc1.692-0.431,3.385-0.431,5.078,0c1.74,0.464,3.249,1.333,4.526,2.609C18.344,4.212,19.213,5.721,19.677,7.461z M17.377,13.054\n\tc0.399-0.982,0.6-2,0.6-3.055c0-1.245-0.28-2.419-0.839-3.521c-0.56-1.102-1.325-2.033-2.3-2.791\n\tC13.864,2.93,12.762,2.43,11.533,2.19c-1.23-0.239-2.439-0.195-3.629,0.133C6.715,2.65,5.656,3.222,4.73,4.034\n\tC3.805,4.85,3.102,5.836,2.623,6.993c-0.479,1.158-0.676,2.351-0.588,3.581c0.088,1.229,0.439,2.38,1.055,3.45\n\tc0.614,1.07,1.444,1.951,2.491,2.645c1.046,0.696,2.179,1.119,3.401,1.271c1.222,0.151,2.419,0.031,3.593-0.36\n\tc1.173-0.391,2.199-1.033,3.077-1.929C16.403,14.901,16.979,14.036,17.377,13.054z M14.024,7.005c0,0.289-0.104,0.528-0.313,0.72\n\tl-2.299,2.274l2.299,2.276c0.208,0.191,0.313,0.431,0.313,0.718c0,0.288-0.101,0.532-0.3,0.73c-0.199,0.201-0.443,0.301-0.73,0.301\n\tc-0.288,0-0.527-0.105-0.719-0.313L10,11.412l-2.275,2.3c-0.191,0.207-0.432,0.313-0.719,0.313s-0.531-0.1-0.73-0.301\n\tc-0.2-0.198-0.3-0.442-0.3-0.73c0-0.287,0.104-0.526,0.313-0.718l2.299-2.276L6.288,7.725C6.096,7.533,6,7.294,6,7.005\n\tc0-0.286,0.096-0.526,0.288-0.717c0.19-0.193,0.431-0.289,0.718-0.289s0.527,0.096,0.719,0.289L10,8.586l2.275-2.298\n\tc0.191-0.209,0.431-0.313,0.719-0.313c0.287,0,0.527,0.104,0.718,0.313C13.92,6.479,14.024,6.719,14.024,7.005z\"\/>\n<\/svg>Refuser<\/button><\/div><\/div><div class=\"cookie_block\"><div class=\"provider\">Google Analytics (ga.js)<\/div><div class=\"name\">_ga, _gat, __utma, __utmb, __utmc, __utmt, __utmz<\/div><div class=\"finality\">Permet de g\u00e9n\u00e9rer des statistiques de fr\u00e9quentation du site.<a href=\"https:\/\/support.google.com\/analytics\/answer\/6004245\" target=\"_blank\">En savoir plus<\/a><\/div><\/div><div class=\"cookie_block\"><div class=\"provider\">Google Analytics (gtag.js)<\/div><div class=\"name\">_ga, _gat, _gid, __utma, __utmb, __utmc, __utmt, __utmz, _gat_gtag_XXXX<\/div><div class=\"finality\">Permet de g\u00e9n\u00e9rer des statistiques de fr\u00e9quentation du site.<a href=\"https:\/\/support.google.com\/analytics\/answer\/6004245\" target=\"_blank\">En savoir plus<\/a><\/div><\/div><\/div><\/div><\/div>\n","protected":false},"excerpt":{"rendered":"","protected":false},"author":1,"featured_media":0,"parent":0,"menu_order":8,"comment_status":"closed","ping_status":"closed","template":"","meta":{"_acf_changed":false,"footnotes":""},"class_list":["post-14","page","type-page","status-publish","hentry"],"acf":[],"yoast_head":"<!-- This site is optimized with the Yoast SEO plugin v27.2 - https:\/\/yoast.com\/product\/yoast-seo-wordpress\/ -->\n<title>Donn\u00e9es personnelles - PEP Duplication<\/title>\n<meta name=\"robots\" content=\"noindex, follow, max-snippet:-1, max-image-preview:large, max-video-preview:-1\" \/>\n<meta property=\"og:locale\" content=\"fr_FR\" \/>\n<meta property=\"og:type\" content=\"article\" \/>\n<meta property=\"og:title\" content=\"Donn\u00e9es personnelles - PEP Duplication\" \/>\n<meta property=\"og:url\" content=\"http:\/\/www.lespepauvergnerhonealpes.org\/duplicate\/donnees-personnelles\/\" \/>\n<meta property=\"og:site_name\" content=\"PEP Duplication\" \/>\n<meta property=\"article:modified_time\" content=\"2019-10-09T11:49:27+00:00\" \/>\n<meta name=\"twitter:card\" content=\"summary_large_image\" \/>\n<script type=\"application\/ld+json\" class=\"yoast-schema-graph\">{\"@context\":\"https:\/\/schema.org\",\"@graph\":[{\"@type\":\"WebPage\",\"@id\":\"http:\/\/www.lespepauvergnerhonealpes.org\/duplicate\/donnees-personnelles\/\",\"url\":\"http:\/\/www.lespepauvergnerhonealpes.org\/duplicate\/donnees-personnelles\/\",\"name\":\"Donn\u00e9es personnelles - PEP Duplication\",\"isPartOf\":{\"@id\":\"http:\/\/www.lespepauvergnerhonealpes.org\/duplicate\/#website\"},\"datePublished\":\"2019-09-30T12:01:07+00:00\",\"dateModified\":\"2019-10-09T11:49:27+00:00\",\"breadcrumb\":{\"@id\":\"http:\/\/www.lespepauvergnerhonealpes.org\/duplicate\/donnees-personnelles\/#breadcrumb\"},\"inLanguage\":\"fr-FR\",\"potentialAction\":[{\"@type\":\"ReadAction\",\"target\":[\"http:\/\/www.lespepauvergnerhonealpes.org\/duplicate\/donnees-personnelles\/\"]}]},{\"@type\":\"BreadcrumbList\",\"@id\":\"http:\/\/www.lespepauvergnerhonealpes.org\/duplicate\/donnees-personnelles\/#breadcrumb\",\"itemListElement\":[{\"@type\":\"ListItem\",\"position\":1,\"name\":\"Accueil\",\"item\":\"http:\/\/www.lespepauvergnerhonealpes.org\/duplicate\/\"},{\"@type\":\"ListItem\",\"position\":2,\"name\":\"Donn\u00e9es personnelles\"}]},{\"@type\":\"WebSite\",\"@id\":\"http:\/\/www.lespepauvergnerhonealpes.org\/duplicate\/#website\",\"url\":\"http:\/\/www.lespepauvergnerhonealpes.org\/duplicate\/\",\"name\":\"PEP Duplication\",\"description\":\"Un site utilisant Les sites de Les PEP Auvergne Rh\u00f4ne Alpes\",\"potentialAction\":[{\"@type\":\"SearchAction\",\"target\":{\"@type\":\"EntryPoint\",\"urlTemplate\":\"http:\/\/www.lespepauvergnerhonealpes.org\/duplicate\/?s={search_term_string}\"},\"query-input\":{\"@type\":\"PropertyValueSpecification\",\"valueRequired\":true,\"valueName\":\"search_term_string\"}}],\"inLanguage\":\"fr-FR\"}]}<\/script>\n<!-- \/ Yoast SEO plugin. -->","yoast_head_json":{"title":"Donn\u00e9es personnelles - PEP Duplication","robots":{"index":"noindex","follow":"follow","max-snippet":"max-snippet:-1","max-image-preview":"max-image-preview:large","max-video-preview":"max-video-preview:-1"},"og_locale":"fr_FR","og_type":"article","og_title":"Donn\u00e9es personnelles - PEP Duplication","og_url":"http:\/\/www.lespepauvergnerhonealpes.org\/duplicate\/donnees-personnelles\/","og_site_name":"PEP Duplication","article_modified_time":"2019-10-09T11:49:27+00:00","twitter_card":"summary_large_image","schema":{"@context":"https:\/\/schema.org","@graph":[{"@type":"WebPage","@id":"http:\/\/www.lespepauvergnerhonealpes.org\/duplicate\/donnees-personnelles\/","url":"http:\/\/www.lespepauvergnerhonealpes.org\/duplicate\/donnees-personnelles\/","name":"Donn\u00e9es personnelles - PEP Duplication","isPartOf":{"@id":"http:\/\/www.lespepauvergnerhonealpes.org\/duplicate\/#website"},"datePublished":"2019-09-30T12:01:07+00:00","dateModified":"2019-10-09T11:49:27+00:00","breadcrumb":{"@id":"http:\/\/www.lespepauvergnerhonealpes.org\/duplicate\/donnees-personnelles\/#breadcrumb"},"inLanguage":"fr-FR","potentialAction":[{"@type":"ReadAction","target":["http:\/\/www.lespepauvergnerhonealpes.org\/duplicate\/donnees-personnelles\/"]}]},{"@type":"BreadcrumbList","@id":"http:\/\/www.lespepauvergnerhonealpes.org\/duplicate\/donnees-personnelles\/#breadcrumb","itemListElement":[{"@type":"ListItem","position":1,"name":"Accueil","item":"http:\/\/www.lespepauvergnerhonealpes.org\/duplicate\/"},{"@type":"ListItem","position":2,"name":"Donn\u00e9es personnelles"}]},{"@type":"WebSite","@id":"http:\/\/www.lespepauvergnerhonealpes.org\/duplicate\/#website","url":"http:\/\/www.lespepauvergnerhonealpes.org\/duplicate\/","name":"PEP Duplication","description":"Un site utilisant Les sites de Les PEP Auvergne Rh\u00f4ne Alpes","potentialAction":[{"@type":"SearchAction","target":{"@type":"EntryPoint","urlTemplate":"http:\/\/www.lespepauvergnerhonealpes.org\/duplicate\/?s={search_term_string}"},"query-input":{"@type":"PropertyValueSpecification","valueRequired":true,"valueName":"search_term_string"}}],"inLanguage":"fr-FR"}]}},"publishpress_future_action":{"enabled":false,"date":"2026-04-29 12:53:12","action":"change-status","newStatus":"draft","terms":[],"taxonomy":"","extraData":[]},"publishpress_future_workflow_manual_trigger":{"enabledWorkflows":[]},"_links":{"self":[{"href":"https:\/\/www.lespepauvergnerhonealpes.org\/duplicate\/wp-json\/wp\/v2\/pages\/14","targetHints":{"allow":["GET"]}}],"collection":[{"href":"https:\/\/www.lespepauvergnerhonealpes.org\/duplicate\/wp-json\/wp\/v2\/pages"}],"about":[{"href":"https:\/\/www.lespepauvergnerhonealpes.org\/duplicate\/wp-json\/wp\/v2\/types\/page"}],"author":[{"embeddable":true,"href":"https:\/\/www.lespepauvergnerhonealpes.org\/duplicate\/wp-json\/wp\/v2\/users\/1"}],"replies":[{"embeddable":true,"href":"https:\/\/www.lespepauvergnerhonealpes.org\/duplicate\/wp-json\/wp\/v2\/comments?post=14"}],"version-history":[{"count":2,"href":"https:\/\/www.lespepauvergnerhonealpes.org\/duplicate\/wp-json\/wp\/v2\/pages\/14\/revisions"}],"predecessor-version":[{"id":286,"href":"https:\/\/www.lespepauvergnerhonealpes.org\/duplicate\/wp-json\/wp\/v2\/pages\/14\/revisions\/286"}],"wp:attachment":[{"href":"https:\/\/www.lespepauvergnerhonealpes.org\/duplicate\/wp-json\/wp\/v2\/media?parent=14"}],"curies":[{"name":"wp","href":"https:\/\/api.w.org\/{rel}","templated":true}]}}